{"id":164,"date":"2012-06-02T13:01:11","date_gmt":"2012-06-02T13:01:11","guid":{"rendered":"http:\/\/desvisages.fr\/?page_id=164"},"modified":"2018-11-19T15:00:02","modified_gmt":"2018-11-19T15:00:02","slug":"jobs-a-bord-4","status":"publish","type":"page","link":"https:\/\/desvisages.fr\/?page_id=164","title":{"rendered":"Jobs \u00e0 Bord 2008"},"content":{"rendered":"<p><strong><em>LE NOUVEAU GUIDE DES JOBS A BORD<\/em><\/strong><\/p>\n<ul>\n<li><em>35000 exemplaires vendus sur trois \u00e9ditions (2001\/2003\/2008)<\/em><\/li>\n<li><em>Des centaines de Fran\u00e7ais, Belges, Suisses, Canadiens\u00a0ont embarqu\u00e9 avec succ\u00e8s gr\u00e2ce \u00e0 ce guide<\/em><\/li>\n<li><i>Les opportunit\u00e9s dans les pays de l&rsquo;Est pour l&rsquo;\u00e9dition 2019<\/i><\/li>\n<li><em>Une prochaine \u00e9dition, en plusieurs langues, pr\u00e9vue en 2019<\/em><\/li>\n<\/ul>\n<p><strong><em>LE PITCH :<\/em><\/strong><\/p>\n<p align=\"left\">Le nouveau Guide des Jobs \u00e0 Bord, \u00e9dition 2008,\u00a0r\u00e9pertorie toutes les pistes et les m\u00e9tiers pour <strong>d\u00e9crocher un job sur les eaux turquoise et \u00e9viter les eaux troubles<\/strong>.<\/p>\n<p>Ce guide s&rsquo;adresse \u00e0\u00a0un large profil de lecteurs francophone, de l\u2019\u00e9tudiant \u00e0 la recherche d\u2019un job d\u2019\u00e9t\u00e9 au professionnel ultra qualifi\u00e9.\u00a0L&rsquo;ouvrage traite\u00a0de l\u2019emploi \u00e0 bord des bateaux de croisi\u00e8re mais aussi des ferries, dans la plaisance et sur les platesformes p\u00e9troli\u00e8res.<\/p>\n<p><strong>COMMENT\u00a0SE LE PROCURER, sans soucis ni complications ?<\/strong><\/p>\n<ul>\n<li><strong><a href=\"http:\/\/livre.fnac.com\/a2246742\/Francois-Pont-Le-nouveau-guide-des-jobs-a-bord\" target=\"_blank\" rel=\"noopener\">Fnac<\/a>\u00a0<\/strong>(livre neuf ou d&rsquo;occasion, <strong>frais de port offerts<\/strong>. S\u00e9rieux, rapide, fiable&#8230; des centaines d&rsquo;exemplaires ont \u00e9t\u00e9 achemin\u00e9s par la Fnac vers nos lecteurs. La derni\u00e8re \u00e9dition est toujours disponible).<\/li>\n<\/ul>\n<p><strong>EN SAVOIR PLUS :<\/strong><\/p>\n<ul>\n<li><a title=\"presse\" href=\"http:\/\/desvisages.fr\/?page_id=197\">La presse en a parl\u00e9<\/a><\/li>\n<li><a title=\"rfi\" href=\"http:\/\/www.rfi.fr\/player\/player.asp?Player=Win&amp;Stream=http:\/\/telechargement.rfi.fr.edgesuite.net\/rfi\/francais\/audio\/modules\/actu\/R100\/fde080501.mp3.asx&amp;iframe=http:\/\/www.rfi.fr:80\/statiques\/playerAudioPageDescDefaut.asp&amp;video=http:\/\/telechargement.rfi.fr.edgesuite.net\/rfi\/francais\/audio\/modules\/actu\/R100\/fde080501&amp;s=undefined&amp;s2=&amp;xtpage=undefined&amp;xt_multc=undefined&amp;donneesassocies=\">Interview sur Radio France Internationale<\/a><\/li>\n<li><a title=\"radio canada\" href=\" http:\/\/desvisages.fr\/wp-content\/uploads\/2012\/06\/interview_01.mp3\">Interview sur Radio Canada<\/a><\/li>\n<li><a title=\"mer et marine\" href=\"http:\/\/www.meretmarine.com\/fr\/content\/comment-trouver-un-job-dans-la-croisiere-les-ferries-le-yachting-et-loffshore\">Site Internet Mer et Marine<\/a><\/li>\n<\/ul>\n<p><a href=\"http:\/\/desvisages.fr\/wp-content\/uploads\/2012\/06\/Le-Nouveau-Guide-des-Jobs-\u00e0-Bord.jpg\"><img loading=\"lazy\" decoding=\"async\" class=\"aligncenter size-large wp-image-228\" title=\"GDJB, couverture.qxd\" src=\"http:\/\/desvisages.fr\/wp-content\/uploads\/2012\/06\/Le-Nouveau-Guide-des-Jobs-\u00e0-Bord-1024x732.jpg\" alt=\"\" width=\"584\" height=\"417\" srcset=\"https:\/\/desvisages.fr\/wp-content\/uploads\/2012\/06\/Le-Nouveau-Guide-des-Jobs-\u00e0-Bord-1024x732.jpg 1024w, https:\/\/desvisages.fr\/wp-content\/uploads\/2012\/06\/Le-Nouveau-Guide-des-Jobs-\u00e0-Bord-300x214.jpg 300w, https:\/\/desvisages.fr\/wp-content\/uploads\/2012\/06\/Le-Nouveau-Guide-des-Jobs-\u00e0-Bord-419x300.jpg 419w\" sizes=\"auto, (max-width: 584px) 100vw, 584px\" \/><\/a><\/p>\n","protected":false},"excerpt":{"rendered":"<p>LE NOUVEAU GUIDE DES JOBS A BORD 35000 exemplaires vendus sur trois \u00e9ditions (2001\/2003\/2008) Des centaines de Fran\u00e7ais, Belges, Suisses, Canadiens\u00a0ont embarqu\u00e9 avec succ\u00e8s gr\u00e2ce \u00e0 ce guide Les opportunit\u00e9s dans les pays de l&rsquo;Est pour l&rsquo;\u00e9dition 2019 Une prochaine &hellip; <a href=\"https:\/\/desvisages.fr\/?page_id=164\">Continuer la lecture <span class=\"meta-nav\">&rarr;<\/span><\/a><\/p>\n","protected":false},"author":2,"featured_media":178,"parent":0,"menu_order":2,"comment_status":"closed","ping_status":"closed","template":"","meta":{"footnotes":""},"class_list":["post-164","page","type-page","status-publish","has-post-thumbnail","hentry"],"_links":{"self":[{"href":"https:\/\/desvisages.fr\/index.php?rest_route=\/wp\/v2\/pages\/164","targetHints":{"allow":["GET"]}}],"collection":[{"href":"https:\/\/desvisages.fr\/index.php?rest_route=\/wp\/v2\/pages"}],"about":[{"href":"https:\/\/desvisages.fr\/index.php?rest_route=\/wp\/v2\/types\/page"}],"author":[{"embeddable":true,"href":"https:\/\/desvisages.fr\/index.php?rest_route=\/wp\/v2\/users\/2"}],"replies":[{"embeddable":true,"href":"https:\/\/desvisages.fr\/index.php?rest_route=%2Fwp%2Fv2%2Fcomments&post=164"}],"version-history":[{"count":38,"href":"https:\/\/desvisages.fr\/index.php?rest_route=\/wp\/v2\/pages\/164\/revisions"}],"predecessor-version":[{"id":510,"href":"https:\/\/desvisages.fr\/index.php?rest_route=\/wp\/v2\/pages\/164\/revisions\/510"}],"wp:featuredmedia":[{"embeddable":true,"href":"https:\/\/desvisages.fr\/index.php?rest_route=\/wp\/v2\/media\/178"}],"wp:attachment":[{"href":"https:\/\/desvisages.fr\/index.php?rest_route=%2Fwp%2Fv2%2Fmedia&parent=164"}],"curies":[{"name":"wp","href":"https:\/\/api.w.org\/{rel}","templated":true}]}}