{"id":189,"date":"2012-06-02T13:32:39","date_gmt":"2012-06-02T13:32:39","guid":{"rendered":"http:\/\/desvisages.fr\/?page_id=189"},"modified":"2013-07-18T21:58:48","modified_gmt":"2013-07-18T21:58:48","slug":"ou-trouver-nos-livres-2","status":"publish","type":"page","link":"https:\/\/desvisages.fr\/?page_id=189","title":{"rendered":"Au commencement fut&#8230;"},"content":{"rendered":"<p>Fond\u00e9 par une poign\u00e9e de freelances, les \u00e9ditions de la Derni\u00e8re Colline naquirent en 2003 dans une chambre de bonne sans eau, \u00e9clair\u00e9e \u00e0 la bougie et accroch\u00e9e au versant m\u00e9ridional de la butte Montmartre.<\/p>\n<p>Trois ann\u00e9es plus tard, \u00e0 la faveur d\u2019une rencontre avec\u00a0un producteur de films, l\u2019entreprise allait d\u00e9couvrir l\u2019\u00e9lectricit\u00e9, le minitel, le moteur \u00e0 explosion, le progr\u00e8s, le d\u00e9veloppement et prochainement le livre \u00e9lectronique.<\/p>\n<p>Rebaptis\u00e9es en 2006 dans un b\u00e9nitier de l\u2019INPI, les d\u00e9sormais <strong>\u00e9ditions Des Visages<\/strong> s\u2019engag\u00e8rent alors dans d\u2019heureuses et originales productions litt\u00e9raires : <a title=\"Voyages Insolites en train\" href=\"http:\/\/desvisages.fr\/?page_id=11\">le premier guide de voyages en train en langue fran\u00e7aise<\/a> ; une nouvelle version du populaire <a title=\"Jobs \u00e0 bord\" href=\"http:\/\/www.priceminister.com\/offer\/buy\/63454845\/Pont-Francois-Le-Nouveau-Guide-Des-Jobs-A-Bord-Livre.html\">Guide des Jobs bord<\/a> : la bible de ceux qui veulent gagner des dollars sur les bateaux de croisi\u00e8re (plus de 35 000 exemplaires vendus \u00e0 ce jour) ; de la litt\u00e9rature de quartier avec<a title=\"Figures de Montmartre\" href=\"http:\/\/desvisages.fr\/?page_id=18\"> Figures de Montmartre<\/a>, un livre aussi vite \u00e9puis\u00e9 en librairie que dans les boulangeries de la butte du m\u00eame nom et enfin un roman d&rsquo;anticipation politico-gastronomique : <a href=\"http:\/\/desvisages.fr\/?page_id=20\">D\u00eener d&rsquo;\u00c9tat \u00e0 l&rsquo;\u00c9lys\u00e9e <\/a>(sortie le 29\/08\/2013).<\/p>\n<p><em>\u00a0<\/em><\/p>\n","protected":false},"excerpt":{"rendered":"<p>Fond\u00e9 par une poign\u00e9e de freelances, les \u00e9ditions de la Derni\u00e8re Colline naquirent en 2003 dans une chambre de bonne sans eau, \u00e9clair\u00e9e \u00e0 la bougie et accroch\u00e9e au versant m\u00e9ridional de la butte Montmartre. Trois ann\u00e9es plus tard, \u00e0 &hellip; <a href=\"https:\/\/desvisages.fr\/?page_id=189\">Continuer la lecture <span class=\"meta-nav\">&rarr;<\/span><\/a><\/p>\n","protected":false},"author":2,"featured_media":321,"parent":0,"menu_order":5,"comment_status":"closed","ping_status":"closed","template":"","meta":{"footnotes":""},"class_list":["post-189","page","type-page","status-publish","has-post-thumbnail","hentry"],"_links":{"self":[{"href":"https:\/\/desvisages.fr\/index.php?rest_route=\/wp\/v2\/pages\/189","targetHints":{"allow":["GET"]}}],"collection":[{"href":"https:\/\/desvisages.fr\/index.php?rest_route=\/wp\/v2\/pages"}],"about":[{"href":"https:\/\/desvisages.fr\/index.php?rest_route=\/wp\/v2\/types\/page"}],"author":[{"embeddable":true,"href":"https:\/\/desvisages.fr\/index.php?rest_route=\/wp\/v2\/users\/2"}],"replies":[{"embeddable":true,"href":"https:\/\/desvisages.fr\/index.php?rest_route=%2Fwp%2Fv2%2Fcomments&post=189"}],"version-history":[{"count":23,"href":"https:\/\/desvisages.fr\/index.php?rest_route=\/wp\/v2\/pages\/189\/revisions"}],"predecessor-version":[{"id":262,"href":"https:\/\/desvisages.fr\/index.php?rest_route=\/wp\/v2\/pages\/189\/revisions\/262"}],"wp:featuredmedia":[{"embeddable":true,"href":"https:\/\/desvisages.fr\/index.php?rest_route=\/wp\/v2\/media\/321"}],"wp:attachment":[{"href":"https:\/\/desvisages.fr\/index.php?rest_route=%2Fwp%2Fv2%2Fmedia&parent=189"}],"curies":[{"name":"wp","href":"https:\/\/api.w.org\/{rel}","templated":true}]}}