{"id":28,"date":"2012-06-01T15:00:13","date_gmt":"2012-06-01T15:00:13","guid":{"rendered":"http:\/\/desvisages.fr\/?page_id=28"},"modified":"2018-11-19T15:08:13","modified_gmt":"2018-11-19T15:08:13","slug":"nous-contacter","status":"publish","type":"page","link":"https:\/\/desvisages.fr\/?page_id=28","title":{"rendered":"Informations pratiques"},"content":{"rendered":"<p><strong>Comment se procurer nos ouvrages ?<\/strong><\/p>\n<p>1\/ Nos livres sont distribu\u00e9s \u00e0 la Fnac, une enseigne que nous recommandons pour son s\u00e9rieux et ses frais de livraisons offerts.<\/p>\n<p style=\"text-align: left;\">2\/ Nos livres sont aussi disponibles chez notre amie Monique, dans une librairie en dure et dans une ambiance purement montmartroise :<\/p>\n<p>Librairie Montmartoise\u00a0 au 3 de la rue Burq (ne pas confondre avec la librairie allemande voisine), Paris 18e (m\u00e9tro Abbesses).<\/p>\n<p>T\u00e9l\u00a0: 01.42.64.31.76.<\/p>\n<p><strong>3\/ En direct (sans commissions ni interm\u00e9diaires) :<\/strong><\/p>\n<p>Vous pouvez adresser vos commandes et coordonn\u00e9es \u00e0 l&rsquo;intention de l&rsquo;\u00e9diteur : Des Visages \u00e9ditions, \u00e0 l&rsquo;adresse suivante :<\/p>\n<p>Des Visages \u00e9ditions &#8211; CK Productions &#8211; D\u00e9partement litt\u00e9rature &#8211; 56, bv Davout &#8211; 75020 Paris<\/p>\n<p>Votre commande vous sera adress\u00e9e sous quatre jours ouvrables aux coordonn\u00e9es du ch\u00e8que, sauf information contraire dans votre courrier.<\/p>\n<p><strong>Les frais postaux sont OFFERTS<\/strong>, en France\u00a0comme \u00e0 l&rsquo;\u00e9tranger (tarif lent pour l&rsquo;international).<\/p>\n<p><strong>Pour des informations suppl\u00e9mentaires : <\/strong><\/p>\n<p>info@desvisages.fr<\/p>\n<p>&nbsp;<\/p>\n","protected":false},"excerpt":{"rendered":"<p>Comment se procurer nos ouvrages ? 1\/ Nos livres sont distribu\u00e9s \u00e0 la Fnac, une enseigne que nous recommandons pour son s\u00e9rieux et ses frais de livraisons offerts. 2\/ Nos livres sont aussi disponibles chez notre amie Monique, dans une &hellip; <a href=\"https:\/\/desvisages.fr\/?page_id=28\">Continuer la lecture <span class=\"meta-nav\">&rarr;<\/span><\/a><\/p>\n","protected":false},"author":2,"featured_media":0,"parent":0,"menu_order":6,"comment_status":"closed","ping_status":"closed","template":"","meta":{"footnotes":""},"class_list":["post-28","page","type-page","status-publish","hentry"],"_links":{"self":[{"href":"https:\/\/desvisages.fr\/index.php?rest_route=\/wp\/v2\/pages\/28","targetHints":{"allow":["GET"]}}],"collection":[{"href":"https:\/\/desvisages.fr\/index.php?rest_route=\/wp\/v2\/pages"}],"about":[{"href":"https:\/\/desvisages.fr\/index.php?rest_route=\/wp\/v2\/types\/page"}],"author":[{"embeddable":true,"href":"https:\/\/desvisages.fr\/index.php?rest_route=\/wp\/v2\/users\/2"}],"replies":[{"embeddable":true,"href":"https:\/\/desvisages.fr\/index.php?rest_route=%2Fwp%2Fv2%2Fcomments&post=28"}],"version-history":[{"count":40,"href":"https:\/\/desvisages.fr\/index.php?rest_route=\/wp\/v2\/pages\/28\/revisions"}],"predecessor-version":[{"id":514,"href":"https:\/\/desvisages.fr\/index.php?rest_route=\/wp\/v2\/pages\/28\/revisions\/514"}],"wp:attachment":[{"href":"https:\/\/desvisages.fr\/index.php?rest_route=%2Fwp%2Fv2%2Fmedia&parent=28"}],"curies":[{"name":"wp","href":"https:\/\/api.w.org\/{rel}","templated":true}]}}